 of 161/4 + 9/(-4) + y?
2, 5
Let n = -272 + 293. List the prime factors of n.
3, 7
List the prime factors of ((-467)/(-3))/(4/12).
467
List the prime factors of 907/5 - ((-224)/40 - -6).
181
Suppose 4*z = -745 + 2073. List the prime factors of z.
2, 83
Let m(k) = k**2 - 12*k - 244. List the prime factors of m(-25).
3, 227
Let b be (5/20)/(1/12). Suppose -4*i - f + 2*f = -61, b*f = 5*i - 85. Let j = i - -16. List the prime factors of j.
2, 3, 5
Let i(r) = -2*r**3 - 15*r**2 - 7*r - 6. Let a be i(-7). List the prime factors of (-1172)/a - (-22)/33.
2, 7
Let d(b) = -b**3 - 5*b**2 + b + 4. Let h be d(-5). Let t be (-33 - 2) + (0 - h). Let j = t - -48. List the prime factors of j.
2, 7
Suppose -3*z - 5*j + 18 = -2*j, 2*z - 20 = -4*j. What are the prime factors of (-1)/((-1)/110) + z?
2, 7
Let n = -205 + 369. List the prime factors of n.
2, 41
Let i(u) = u + 12. Let s be i(-12). Suppose s = -4*k + k. Suppose -3*a + 32 + k = 4*l, a - l - 13 = 0. List the prime factors of a.
2, 3
Suppose 0 = -3*k + 2*k + 148. Let w = -89 + k. Suppose 6*a - w = 127. What are the prime factors of a?
31
Let a be (5/(-3))/(-5) + (-721)/3. Let w = -142 - a. What are the prime factors of w?
2, 7
Let a(h) = 36*h + 38. List the prime factors of a(14).
2, 271
Let g(y) = 3*y**2 - 9*y + 275. Let q(i) = 2*i**2 - 5*i + 137. Let v(a) = 3*g(a) - 5*q(a). List the prime factors of v(0).
2, 5, 7
Let q be (-11)/(-2)*(23 + -19). Let c = -20 + q. What are the prime factors of (1/(-2))/(c/(-76))?
19
Let c be 5/10 + 90/(-4). Let a = -16 - c. Suppose -5*h - 55 = -2*s, -3*s - a*h + 3*h + 72 = 0. What are the prime factors of s?
5
Let c = -125 - -89. Let i = 67 + -73. Let q = i - c. List the prime factors of q.
2, 3, 5
Let p(a) = -21*a - 25 - 11*a + 17 + 25. What are the prime factors of p(-4)?
5, 29
Let x = -52 - -24. What are the prime factors of ((240/x)/5)/(4/(-210))?
2, 3, 5
List the prime factors of (-6 + 24/5)/((-6)/700).
2, 5, 7
List the prime factors of (-6 - -1) + 1743 + 1.
37, 47
Suppose -10 + 0 = -5*h. Suppose 129 = 3*t + h*d, 0*t - 60 = -t + 5*d. What are the prime factors of t?
3, 5
Suppose -4*p = -7*p + 222. Suppose 3*w - 34 - 2 = 3*n, 2*w + p = -5*n. What are the prime factors of 3/(-6)*1*n?
7
Suppose -y = -5*y + 5*q - 650, 0 = -5*y + 5*q - 815. Let z = y - -86. Let i = -56 - z. What are the prime factors of i?
23
Let j(p) = -29*p + 1. Let v be j(-1). Suppose 3*o + v = -0*o. List the prime factors of (-3)/(-15) - 498/o.
2, 5
Let o(x) = -x**2 - 11*x + 10. Let n be o(-11). Let c = n + -10. Suppose d = -c*d + 33. What are the prime factors of d?
3, 11
Let p(s) = 3*s + 152. List the prime factors of p(-12).
2, 29
Let x(b) = -65*b - 4. Let p be x(-2). Let w = p - -56. List the prime factors of w.
2, 7, 13
Let q = 1665 + 204. What are the prime factors of q?
3, 7, 89
Suppose -3*v + 111 = 36. Let f be 8/(-6)*(-6)/4. Suppose -f*z = -4*u + v + 57, -117 = -4*u - 5*z. List the prime factors of u.
23
Suppose 4*q = -15 + 7. List the prime factors of q/12 + 2114/84.
5
Suppose -n + 2*n = -5*y + 538, -5*n = -3*y + 334. Let a be 34/9 + 24/y. Let b(s) = s**3 - 4*s**2 + s - 2. What are the prime factors of b(a)?
2
Let w(q) = 47*q - 1. Suppose s - 4 = 29. Let v = s + -32. What are the prime factors of w(v)?
2, 23
Let v(h) = -h**2 + 11*h - 10. Let q be v(10). Suppose 2*j - j = q. Suppose 54 = 3*g - j*g. List the prime factors of g.
2, 3
Let g(r) be the third derivative of r**5/60 - 19*r**3/6 - 2*r**2. List the prime factors of g(6).
17
Suppose -958*o = -969*o + 9141. What are the prime factors of o?
3, 277
Let p = -629 + 1039. What are the prime factors of p?
2, 5, 41
Let w = -190 + 132. Let f = w - -84. List the prime factors of f.
2, 13
Let r = 46 - 32. Let y = r + -12. List the prime factors of 35/2 + (-1)/y.
17
Suppose 3*m = q - 178, 138 = q - 3*m + 8*m. What are the prime factors of q?
163
Let n = 2850 - 293. List the prime factors of n.
2557
Suppose 0 = -5*n - 3*v - 123 - 262, v = -2*n - 155. Let o = 135 + n. What are the prime factors of o?
5, 11
List the prime factors of ((-7)/((-70)/(-4)))/(8/(-10080)).
2, 3, 7
Let b = -817 - -1025. List the prime factors of b.
2, 13
Let d(h) = 18*h**3 - 6*h**2 + 7*h + 8. List the prime factors of d(4).
2, 3, 7, 13
Suppose -4*z + 3*p = -1612, -4*z + 1195 = -2*p - 421. List the prime factors of z.
2, 7, 29
Suppose -m = -2*w + 1839, 2*m = -w - 62 + 989. What are the prime factors of w?
3, 307
Suppose -3*k + o = -6, 0*k + 3*k - 3*o = 0. Suppose -3*a + 2*a - 63 = 2*n, 5*n + 187 = -k*a. Let c = -12 - a. What are the prime factors of c?
47
Let s(y) = -10*y - y**2 - 6*y**2 + y**3 + 16*y**2 + 10. Let b be s(-10). Let o = b + 17. List the prime factors of o.
3
Suppose 0 = -s - 2*s + 15, 5*j = 2*s - 30. Let t be 1760/33 - j/6. Suppose 2*q = 4*c + 24, 0*c = 4*q - 5*c - t. List the prime factors of q.
2
Let h = 2 - 4. Let f be h/(-6)*(-33)/(-1). Suppose 4*t - 49 - f = 0. What are the prime factors of t?
3, 5
Let k(p) = p**3 - p + 1188. What are the prime factors of k(0)?
2, 3, 11
Let i(u) = -u**3 + 9*u**2 + 24*u - 38. What are the prime factors of i(9)?
2, 89
Suppose -4*j - 340 = -5*t, -t - 68*j + 71*j = -68. List the prime factors of t.
2, 17
Suppose 5*m - 1122 = 4*r, -216 = -m - r - r. Suppose 0 = -4*d + 102 + m. What are the prime factors of d?
3
Let f(r) = -12*r**2 + r + 10*r**2 - 6*r**2 + r**3 - 7 + 7*r. List the prime factors of f(8).
3, 19
Suppose 2 = -4*x + p, 2*x - 4*p + 7 = -1. Suppose 20*m - 15*m - 20 = x. Let b(z) = -z**2 + 4*z + 2. List the prime factors of b(m).
2
Let m = -689 - -1211. List the prime factors of m.
2, 3, 29
Suppose -4544 = 73*i - 81*i. What are the prime factors of i?
2, 71
What are the prime factors of 684/27*165/10?
2, 11, 19
Suppose 3*i + 3*y + 276 = 0, -5*i - y = y + 475. Let o = i + 254. Suppose -5*m + o = 3*r, 2*m = 3*m - 2*r - 21. List the prime factors of m.
29
Let t(a) = 46*a - 2. Let l be t(2). Suppose 0 = q - l + 29. Suppose -216 = -5*n - q. List the prime factors of n.
31
Suppose 5*d = 4*u - 3461, -u + 3*u - d - 1735 = 0. What are the prime factors of u?
11, 79
Suppose -b + 2*l = -6*b + 6406, -2*b + 2560 = 2*l. List the prime factors of b.
2, 641
Let t be ((-366)/12)/(1/(-6)). Suppose -5*a + 92 = -t. List the prime factors of a.
5, 11
Let k(c) = 6*c + 49. Let w be k(-10). List the prime factors of 11/(968/16) + (-1626)/w.
2, 37
Let i = 4 + 5. Let t(z) = 19 + 6*z - 18 - i. What are the prime factors of t(7)?
2, 17
Suppose 11*r - 4*o + 9644 = 13*r, -19276 = -4*r - 2*o. What are the prime factors of r?
2, 3, 11, 73
Let w = 5 + -9. Let q be ((-8)/(-3))/(w/6). List the prime factors of (q + 4)/3 - -32.
2
List the prime factors of (95 + -3)/4 - (1 + -4).
2, 13
Suppose -2*b + 11*a = 10*a - 3877, -3*b + 5803 = a. List the prime factors of b.
2, 11
Suppose 0 = -13*k + 18*k - 10, 2674 = 2*i + 2*k. List the prime factors of i.
3, 5, 89
Suppose 6*s - 4 = 7*s. Let r be -1 - (-8 + 4) - 3. What are the prime factors of 62 + -8 + s + r?
2, 5
Suppose 4*a = -12, 4*a - 486 = -3*j - 0*a. What are the prime factors of j?
2, 83
Let y be (-3 + 1)/(2/41). What are the prime factors of (-80)/(-20) - (y - 0)?
3, 5
List the prime factors of (22 + -10)*24/(-9)*-8.
2
Let m = -1 - -5. Let j(i) = -i**2 + 11*i - 6. Let n be j(m). Suppose -n + 7 = -5*s. List the prime factors of s.
3
Let a = 17 - 12. Suppose -t = 2*t + 2*l - 230, l = -a. Suppose -t = 2*i - 7*i. What are the prime factors of i?
2
Let t(a) = 11*a - 3 - 2 + 4*a. Let d be 10/(-4)*4/(-5). What are the prime factors of t(d)?
5
Let o be (1/(-2))/(5/(-40)). Suppose 0 = -5*i + 2*p + 504, -p = -3*i - o*p + 294. List the prime factors of i.
2, 5
Suppose u - 15 = -0. Suppose -b = -2*x + 9, -b + 5*x + 0 = u. What are the prime factors of 3408/80 - 2/b?
43
Let z(t) = t - 5. Let d(n) = n - 4. Let v(g) = 4*d(g) - 3*z(g). Let m be v(1). Suppose -2*h = -3*o + 23, -4*h + m - 4 = 0. What are the prime factors of o?
7
Let v(x) = -10 + 2*x**2 - 3*x - 3*x**2 - 4*x. Let s be v(-7). Let j = s - -17. What are the prime factors of j?
7
Let y(i) = -9*i + 3. Let l(k) = -18*k + 9. Let m(p) = 37*p - 19. Let d(n) = 9*l(n) + 4*m(n). Let c(t) = -5*d(t) + 8*y(t). What are the prime factors of c(-2)?
3
Suppose 3*l + 2*q + 9 = -406, 0 = -4*l - 2*q - 554. Let s = -89 - l. What are the prime factors of s?
2, 5
Let g(h) = 0 + 3